 j. List the prime factors of r.
11
Let w(g) be the third derivative of -g**6/120 + g**5/60 - g**4/24 + g**3/3 - 3*g**2. Let o be w(0). Suppose 14 = o*x - 12. What are the prime factors of x?
13
Let m(h) = 58*h**2 + 4*h - 7. What are the prime factors of m(2)?
233
Let o be -9*(0 - 3/(-3)). Let a(p) = p**3 + 10*p**2 + 7*p - 10. Let l be a(o). Let u = l + -5. List the prime factors of u.
3
Let z = 27 + -22. Suppose -3*b + 57 = -3*j, 71 + 33 = z*b + 4*j. List the prime factors of b.
2, 5
Suppose 3*i + 73 = 5*i + 3*l, 3*i + 4*l = 110. What are the prime factors of i?
2, 19
Suppose 0 = 4*h - 0*c + 2*c + 22, 0 = -2*h + c - 1. Let z be 1/((-3)/(63/h)). Let m = 10 - z. What are the prime factors of m?
3
Suppose -21*j + 218 = -19*j. List the prime factors of j.
109
Suppose -x + 2 = -2*p - 13, -5*p = 25. Suppose -2*c = b - c - 1, 12 = -2*b + x*c. What are the prime factors of b + (11 - 1/(-1))?
11
Suppose 16 = -j + 17. List the prime factors of 14*(j - (-1)/2).
3, 7
Suppose -33*r + 375 = -28*r. What are the prime factors of r?
3, 5
Suppose 0 = -2*v - 6 - 0. List the prime factors of (-444)/(-16) - v/12.
2, 7
What are the prime factors of (-3 + 32/4)*2/5?
2
Let p = 3 + -3. Suppose -3*k + 3*i = -18, -5*k + p*i = -4*i - 26. What are the prime factors of k?
2
Let n(r) = -r**3 - 6*r**2 - 2*r - 6. Let x(v) = -21*v**2 + 20*v**2 + 12 - v - 6*v. Let j be x(-9). What are the prime factors of n(j)?
2, 3
Let c be (-1 + 1)/(7 + -5). Suppose 5*i + 4 - 39 = c. List the prime factors of i.
7
Suppose 97 = d - a, -4*a + 419 = 4*d + 23. What are the prime factors of d?
2, 7
Suppose -3*l + 5 = 4*q - 5, q + 3 = 2*l. Suppose 4*g + w + 4*w - 16 = 0, 4*w = l*g - 34. List the prime factors of g.
3
Let c(l) = -l**3 - 5*l**2 + l - 2. Suppose 3*r - 10 = 2*r + 5*w, -2*w + 9 = -3*r. Let f be c(r). List the prime factors of ((-2)/4)/(f/140).
2, 5
Let s = 192 - 72. What are the prime factors of s?
2, 3, 5
Let y(c) be the first derivative of c**4/4 - 11*c**3/3 + 7*c**2 - 15*c + 5. What are the prime factors of y(10)?
5
What are the prime factors of (-789)/(-27) - 4/18?
29
Let b(n) = 13*n**2 - 3*n - 3. Let c be b(-2). Suppose -c = -4*l + 21. Suppose -3*f + 55 = -5*y, 0*f + 2*y + l = f. What are the prime factors of f?
3, 5
Let r = -133 - -215. Suppose -r = -4*m + 38. What are the prime factors of m?
2, 3, 5
Let j = 40 - -119. What are the prime factors of j?
3, 53
Let r be ((2 - 1) + 2)*1. Suppose -2*i + r = -23. List the prime factors of i.
13
Suppose 10 = 5*y + 35. Let r = -39 - -27. Let z = y - r. List the prime factors of z.
7
Let m(x) = -x + 2. Let u be (-8)/(-2)*45/(-20). What are the prime factors of m(u)?
11
Let f(a) = a - 5. Let z(j) = 2*j - 10. Let b(w) = -5*f(w) + 2*z(w). What are the prime factors of b(-10)?
3, 5
Suppose 54 = -b + 3*b. Suppose -4*z + 11 = b. What are the prime factors of z/18 - 101/(-9)?
11
Suppose 6*j = 2*j. Suppose w - y - 14 = -j*y, 0 = -4*y - 8. What are the prime factors of w?
2, 3
Suppose -2*z + 22 = -5*m, 45 = 2*z + m - 1. What are the prime factors of z?
3, 7
Let b(x) = -3*x - 4. Suppose 3*h - h + 16 = 2*p, -3*h - 5*p + 8 = 0. List the prime factors of b(h).
2
Suppose -4*u - 4*j + 4 = 0, -6 = -5*u - 3*j + 3. Let x = -1 + u. What are the prime factors of x?
2
Let j = 2 + 0. Let s = -4 + j. What are the prime factors of 1/s - (-45)/6?
7
Let c = 68 - 19. List the prime factors of c.
7
Let i = 6 - 4. Suppose -5*a + i*a = -81. Suppose d - a = -2*d. What are the prime factors of d?
3
Let m = 10 - -2. Suppose 5*p - 4*a = -m, 0*p - p - 10 = 3*a. List the prime factors of (1 - -1)/((-2)/p).
2
Let v(p) = -p**3 + p**2 + p + 16. Let s be v(0). Suppose 4 = u + u. Suppose u*t = t + s. List the prime factors of t.
2
Let b(c) = c**3 + 5*c**2 + 2*c - 5. Let u be b(-4). Let z(f) = 9 + f**u - f - 3*f - 5*f**2 - 3*f. List the prime factors of z(6).
3
Let q = -5 + 13. Let s = q - 6. List the prime factors of s.
2
Let n = 1 + 4. Let p be 67/n + (-10)/25. Let g = p + -8. What are the prime factors of g?
5
Let k = 24 - 9. What are the prime factors of k?
3, 5
What are the prime factors of 157/4 - (-28)/(-112)?
3, 13
Let k = -11 + -1. Let t = k - -24. List the prime factors of t.
2, 3
Suppose 4*q - 8 + 0 = 0. Suppose 0 = -q*a + 4 - 16. Let v(p) = p**3 + 5*p**2 - 8*p - 7. What are the prime factors of v(a)?
5
Let a = 0 - -4. Let t(z) = -z**3 + 5*z**2 + 8*z - 16. Let r be t(6). What are the prime factors of (-2)/r*(a + 28)?
2
Let p(v) = -5 + 10 - 10 - 3*v + 2*v**2. List the prime factors of p(4).
3, 5
Suppose 0 = -4*x - 5*z + 24, 2*x - 3*z + 15 = 5*x. List the prime factors of -2*((x - -1) + -3).
2
Suppose a + a + 90 = 0. Let i = -19 - a. What are the prime factors of i?
2, 13
Let m = -4 + 8. Let q be (-119)/(-4) + 1/m. What are the prime factors of q/4*4/3?
2, 5
Let k(b) = 4*b**2 + 11 - 2*b + 2*b - 3*b**2. Let p be (-2 + 1 + 1)/1. List the prime factors of k(p).
11
Let z(b) = -b - 10. Let x be z(-9). Let a(i) = -16*i**3 + i**2 - 1. What are the prime factors of a(x)?
2
Let z = 9 - 5. Suppose -20 = z*h - 6*h. List the prime factors of h.
2, 5
Suppose 5*b - 129 = w, 2*b - 3 - 46 = 3*w. Let t = b + -18. List the prime factors of t.
2
Let i(f) = -3*f**2 - 2*f + 4. Let y be i(-4). Let l = y + 65. Suppose -5*m = -15, 4*b - 2*m + 5*m = l. What are the prime factors of b?
5
Let i = -25 - -41. Let y be 1/4 - (-220)/i. Let d = y + -6. What are the prime factors of d?
2
Suppose 0 = -2*q + 67 + 75. List the prime factors of q.
71
Let m(k) = 7*k + 10 + 0*k - 4 - k - k**2. List the prime factors of m(6).
2, 3
Suppose -2*o + 211 = 3*d, -4*o = -5*d + 60 - 449. What are the prime factors of o?
101
Suppose -3*t + 195 = 2*t. List the prime factors of t.
3, 13
Let o = 0 - 5. List the prime factors of (6/3 - 4)*o.
2, 5
Let y(x) = 8*x + 2. Suppose 5*a - 2*l - 26 = 0, 4*a - 3*l - 22 = -l. List the prime factors of y(a).
2, 17
Suppose 0 = -60*m + 55*m + 875. What are the prime factors of m?
5, 7
Suppose -3*a + 69 = -2*j, 2*a + j - 13 = 33. What are the prime factors of a?
23
Let u(x) = -x + 12. Let i be u(12). Suppose 5*o + 4*q = -1 - 0, i = o - 4*q - 19. What are the prime factors of o?
3
Let y(p) = -p**3 - p**2 - 4*p - 3. What are the prime factors of y(-3)?
3
Suppose -x = -6*x + 525. Suppose w + x = 6*w. What are the prime factors of w?
3, 7
Let h be -1 + 0 + 9 + -3. Suppose 0 = 4*j + 16, 3*n - 30 = n + h*j. What are the prime factors of n?
5
Suppose 4*g = g + 9. Suppose 3*u - 5*c = 12, -u - g*c - 2 = 8. What are the prime factors of (u - -1) + 3 + 16?
19
Suppose 2*n - 4*g + 10 = 0, 2*n = -2*g + 11 + 9. Let x be 13/n - 15/25. Suppose x*i + i - 36 = 0. What are the prime factors of i?
2, 3
What are the prime factors of (-2)/(-4)*(-8 + 22)?
7
Let g(b) = b - 1. Let x(w) = -w**3 - 10*w**2 - 7*w - 14. Let s(y) = 3*g(y) - x(y). Let d be s(-9). Suppose 0 = -d*c + 15 + 3. List the prime factors of c.
3
Let q(x) = 11*x**2 - x. What are the prime factors of q(1)?
2, 5
Suppose -2*o + 3 = -3. Suppose 21 = o*b - 2*c, 0 = -c - c. List the prime factors of b.
7
Let u(w) = w**3 + 8*w**2 - 2*w - 5. What are the prime factors of u(-8)?
11
Let c = -26 - 48. What are the prime factors of (c/(-4))/(2/4)?
37
Let v(h) = 15*h - 6. What are the prime factors of v(6)?
2, 3, 7
Let x(r) = r**3 - 7*r**2 + 7*r - 3. Let p be x(6). Let d(y) = -y + 4*y**2 - 2 + 2 - y**p - 2. What are the prime factors of d(2)?
2
Suppose b - 4*y + 2*y - 8 = 0, -4*b = -y + 3. Let n be 1/b - 118/(-4). Let j = n + -16. What are the prime factors of j?
13
Let d(o) = 5*o**2 + 3*o - 24. List the prime factors of d(-5).
2, 43
Let c(k) = -k**3 + 9*k**2 - 3*k - 13. What are the prime factors of c(5)?
2, 3
Suppose -4*q + 9*p - 4*p = -1012, 5*q - 3*p = 1252. What are the prime factors of q?
2, 31
Let r(v) = -v**3 + 8*v**2 + v - 6. Let t be r(8). Let z = t + -4. List the prime factors of (z - -3)/(3/21).
7
Let u = 3 - 3. Suppose 0 = -w - u + 2. Suppose 4*b - 13 = k, -k + 1 = w. What are the prime factors of b?
3
Suppose -m + 5*l = 3*l - 7, -m - 2*l = 1. Let k be (-1)/m*(-24 - -3). Let i = k - -5. List the prime factors of i.
2, 3
Let o be (-1 - -3) + 0/(-1). Let a = -17 + o. Let x = -10 - a. What are the prime factors of x?
5
Let i(z) = -z**2 - 9*z + 4. Let y be i(-8). Suppose 0*g = -4*g + y. What are the prime factors of g + -2 - (-2 + 0)?
3
Suppose 16